{"id":7,"date":"2025-08-28T10:35:26","date_gmt":"2025-08-28T13:35:26","guid":{"rendered":"https:\/\/printmaker3d.com.br\/?page_id=7"},"modified":"2025-08-28T12:46:28","modified_gmt":"2025-08-28T15:46:28","slug":"home","status":"publish","type":"page","link":"https:\/\/printmaker3d.com.br\/","title":{"rendered":"Home"},"content":{"rendered":"\n<div class=\"wp-block-cover alignfull wp-duotone-midnight\" style=\"min-height:720px;aspect-ratio:unset;\"><img fetchpriority=\"high\" decoding=\"async\" width=\"2560\" height=\"1435\" class=\"wp-block-cover__image-background wp-image-39 size-large\" alt=\"\" src=\"https:\/\/printmaker3d.com.br\/wp-content\/uploads\/2025\/08\/\u2014Pngtree\u20143d-printed-black-abstract-sculpture_10456814-scaled.jpg\" data-object-fit=\"cover\" srcset=\"https:\/\/printmaker3d.com.br\/wp-content\/uploads\/2025\/08\/\u2014Pngtree\u20143d-printed-black-abstract-sculpture_10456814-scaled.jpg 2560w, https:\/\/printmaker3d.com.br\/wp-content\/uploads\/2025\/08\/\u2014Pngtree\u20143d-printed-black-abstract-sculpture_10456814-300x168.jpg 300w, https:\/\/printmaker3d.com.br\/wp-content\/uploads\/2025\/08\/\u2014Pngtree\u20143d-printed-black-abstract-sculpture_10456814-1024x574.jpg 1024w, https:\/\/printmaker3d.com.br\/wp-content\/uploads\/2025\/08\/\u2014Pngtree\u20143d-printed-black-abstract-sculpture_10456814-768x430.jpg 768w, https:\/\/printmaker3d.com.br\/wp-content\/uploads\/2025\/08\/\u2014Pngtree\u20143d-printed-black-abstract-sculpture_10456814-1536x861.jpg 1536w, https:\/\/printmaker3d.com.br\/wp-content\/uploads\/2025\/08\/\u2014Pngtree\u20143d-printed-black-abstract-sculpture_10456814-2048x1148.jpg 2048w\" sizes=\"(max-width: 2560px) 100vw, 2560px\" \/><span aria-hidden=\"true\" class=\"wp-block-cover__background has-background-dim wp-block-cover__gradient-background has-background-gradient\" style=\"background-color:#201f1f;background:linear-gradient(35deg,rgb(6,0,151) 0%,rgb(130,4,255) 73%,rgb(193,15,255) 100%)\"><\/span><div class=\"wp-block-cover__inner-container is-layout-flow wp-block-cover-is-layout-flow\">\n<div class=\"inherit-container-width wp-block-group alignwide is-layout-constrained wp-block-group-is-layout-constrained\">\n<div class=\"wp-block-media-text alignwide has-media-on-the-right is-stacked-on-mobile is-vertically-aligned-center\" style=\"grid-template-columns:auto 43%\"><div class=\"wp-block-media-text__content\">\n<h2 class=\"wp-block-heading has-text-align-left has-white-color has-text-color\">Servi\u00e7o de Impress\u00e3o 3D !<\/h2>\n\n\n\n<p class=\"has-white-color has-text-color\">Transformamos suas ideias em realidade com impress\u00e3o 3D de alta qualidade !<\/p>\n\n\n\n<div class=\"wp-block-buttons is-layout-flex wp-block-buttons-is-layout-flex\">\n<div class=\"wp-block-button\"><a class=\"wp-block-button__link wp-element-button\" href=\"https:\/\/wa.me\/5511993793312?text=Ol\u00e1,%20gostaria%20de%20mais%20informa\u00e7\u00f5es%20e%20um%20or\u00e7amento%20sobre%20servi\u00e7os%20de%20impress\u00e3o%203D.\">SOLICITE OR\u00c7AMENTO<\/a><\/div>\n<\/div>\n<\/div><figure class=\"wp-block-media-text__media\"><img decoding=\"async\" width=\"500\" height=\"500\" src=\"https:\/\/printmaker3d.com.br\/wp-content\/uploads\/2025\/08\/maquina-impressao-2.png\" alt=\"\" class=\"wp-image-32 size-full\" srcset=\"https:\/\/printmaker3d.com.br\/wp-content\/uploads\/2025\/08\/maquina-impressao-2.png 500w, https:\/\/printmaker3d.com.br\/wp-content\/uploads\/2025\/08\/maquina-impressao-2-300x300.png 300w, https:\/\/printmaker3d.com.br\/wp-content\/uploads\/2025\/08\/maquina-impressao-2-150x150.png 150w\" sizes=\"(max-width: 500px) 100vw, 500px\" \/><\/figure><\/div>\n<\/div>\n<\/div><\/div>\n\n\n\n<div class=\"wp-block-group alignfull is-layout-constrained wp-container-core-group-is-layout-45b0ac4f wp-block-group-is-layout-constrained\" id=\"services\" style=\"padding-top:144px;padding-bottom:0px\">\n<h2 class=\"wp-block-heading\">Nossos Servi\u00e7os<\/h2>\n\n\n\n<div class=\"wp-block-columns is-layout-flex wp-container-core-columns-is-layout-60cbf9bb wp-block-columns-is-layout-flex\" style=\"margin-top:50px\">\n<div class=\"wp-block-column is-layout-flow wp-container-core-column-is-layout-6b73ce23 wp-block-column-is-layout-flow\">\n<figure class=\"wp-block-image size-full\"><img decoding=\"async\" width=\"687\" height=\"603\" src=\"https:\/\/printmaker3d.com.br\/wp-content\/uploads\/2025\/08\/impressao-3d-industrial-1.jpeg\" alt=\"\" class=\"wp-image-26\" srcset=\"https:\/\/printmaker3d.com.br\/wp-content\/uploads\/2025\/08\/impressao-3d-industrial-1.jpeg 687w, https:\/\/printmaker3d.com.br\/wp-content\/uploads\/2025\/08\/impressao-3d-industrial-1-300x263.jpeg 300w\" sizes=\"(max-width: 687px) 100vw, 687px\" \/><\/figure>\n\n\n\n<h3 class=\"wp-block-heading\" style=\"margin-top:16px\">Impress\u00e3o 3D Industrial<\/h3>\n\n\n\n<p class=\"has-medium-font-size\">Revoluciona a forma como produtos e pe\u00e7as s\u00e3o desenvolvidos. Com tecnologia de alta precis\u00e3o, \u00e9 poss\u00edvel criar prot\u00f3tipos, componentes funcionais e solu\u00e7\u00f5es personalizadas em diversos materiais, reduzindo custos e acelerando o processo de produ\u00e7\u00e3o.<\/p>\n<\/div>\n\n\n\n<div class=\"wp-block-column is-layout-flow wp-container-core-column-is-layout-6b73ce23 wp-block-column-is-layout-flow\">\n<figure class=\"wp-block-image size-full is-resized\"><img loading=\"lazy\" decoding=\"async\" width=\"516\" height=\"516\" src=\"https:\/\/printmaker3d.com.br\/wp-content\/uploads\/2025\/08\/impressao-3d-organica.png\" alt=\"\" class=\"wp-image-27\" style=\"width:339px;height:auto\" srcset=\"https:\/\/printmaker3d.com.br\/wp-content\/uploads\/2025\/08\/impressao-3d-organica.png 516w, https:\/\/printmaker3d.com.br\/wp-content\/uploads\/2025\/08\/impressao-3d-organica-300x300.png 300w, https:\/\/printmaker3d.com.br\/wp-content\/uploads\/2025\/08\/impressao-3d-organica-150x150.png 150w\" sizes=\"(max-width: 516px) 100vw, 516px\" \/><\/figure>\n\n\n\n<h3 class=\"wp-block-heading\" style=\"margin-top:16px\">Impress\u00e3o 3D Org\u00e2nica<\/h3>\n\n\n\n<p class=\"has-medium-font-size\">Pe\u00e7as \u00fanicas que exploram formas fluidas, curvas e abstratas. Permite criar itens de decora\u00e7\u00e3o, lumin\u00e1rias, vasos e at\u00e9 bonecos. Cada objeto se torna exclusivo unindo criatividade, tecnologia e est\u00e9tica para transformar ambientes.<\/p>\n<\/div>\n\n\n\n<div class=\"wp-block-column is-layout-flow wp-container-core-column-is-layout-6b73ce23 wp-block-column-is-layout-flow\">\n<figure class=\"wp-block-image size-full is-resized\"><img loading=\"lazy\" decoding=\"async\" width=\"436\" height=\"447\" src=\"https:\/\/printmaker3d.com.br\/wp-content\/uploads\/2025\/08\/projetos-mecanicos-industriais-1-e1756389160738.jpg\" alt=\"\" class=\"wp-image-29\" style=\"width:334px;height:auto\" srcset=\"https:\/\/printmaker3d.com.br\/wp-content\/uploads\/2025\/08\/projetos-mecanicos-industriais-1-e1756389160738.jpg 436w, https:\/\/printmaker3d.com.br\/wp-content\/uploads\/2025\/08\/projetos-mecanicos-industriais-1-e1756389160738-293x300.jpg 293w\" sizes=\"(max-width: 436px) 100vw, 436px\" \/><\/figure>\n\n\n\n<h3 class=\"wp-block-heading\" style=\"margin-top:16px\">Projetos industriais<\/h3>\n\n\n\n<p class=\"has-medium-font-size\">Precisa transformar a sua ideia em realidade mas n\u00e3o tem o projeto ? N\u00f3s realizamos projetos em software 3D pra voc\u00ea. Atendimento personalizado desde o projeto at\u00e9 a impress\u00e3o final da pe\u00e7a<\/p>\n<\/div>\n<\/div>\n<\/div>\n\n\n\n<div class=\"wp-block-group alignfull has-ast-global-color-5-background-color has-background is-layout-constrained wp-container-core-group-is-layout-9cedb757 wp-block-group-is-layout-constrained\" style=\"padding-bottom:0px\">\n<div class=\"wp-block-buttons is-content-justification-center is-layout-flex wp-container-core-buttons-is-layout-a89b3969 wp-block-buttons-is-layout-flex\">\n<div class=\"wp-block-button\"><a class=\"wp-block-button__link has-text-align-center wp-element-button\" href=\"https:\/\/wa.me\/5511993793312?text=Ol\u00e1,%20gostaria%20de%20mais%20informa\u00e7\u00f5es%20e%20um%20or\u00e7amento%20sobre%20servi\u00e7os%20de%20impress\u00e3o%203D.\">SOLICITE OR\u00c7AMENTO<\/a><\/div>\n<\/div>\n<\/div>\n\n\n\n<div class=\"wp-block-group alignfull has-ast-global-color-5-background-color has-background is-layout-constrained wp-container-core-group-is-layout-94d206d0 wp-block-group-is-layout-constrained\" id=\"about\" style=\"padding-top:143px;padding-bottom:144px\">\n<div class=\"wp-block-media-text has-media-on-the-right is-stacked-on-mobile is-vertically-aligned-center\"><div class=\"wp-block-media-text__content\">\n<div class=\"inherit-container-width wp-block-group is-layout-constrained wp-container-core-group-is-layout-47ce07ec wp-block-group-is-layout-constrained\" style=\"padding-right:80px\">\n<h2 class=\"wp-block-heading\" style=\"padding-right:40px\">Sobre n\u00f3s<\/h2>\n\n\n\n<p>A <strong>Print Maker 3D<\/strong> \u00e9 especializada em solu\u00e7\u00f5es de impress\u00e3o 3D voltadas para prototipagem, desenvolvimento de pe\u00e7as t\u00e9cnicas e projetos personalizados. Atuamos com tecnologia de ponta e foco na precis\u00e3o, garantindo qualidade e efici\u00eancia em cada entrega.<\/p>\n\n\n\n<p>Nosso compromisso \u00e9 oferecer suporte profissional e transparente, respeitando prazos e necessidades espec\u00edficas de cada cliente. Mais do que imprimir pe\u00e7as, proporcionamos inova\u00e7\u00e3o e confiabilidade para transformar projetos em realidade.<\/p>\n<\/div>\n<\/div><figure class=\"wp-block-media-text__media\"><img decoding=\"async\" src=\"https:\/\/printmaker3d.com.br\/wp-content\/themes\/astra\/inc\/assets\/images\/starter-content\/about-us.jpg\" alt=\"\" class=\"wp-image-237 size-full\"\/><\/figure><\/div>\n<\/div>\n\n\n\n<div class=\"wp-block-group alignfull has-ast-global-color-4-background-color has-background is-layout-constrained wp-container-core-group-is-layout-6a2cfb7b wp-block-group-is-layout-constrained\" id=\"reviews\">\n<figure class=\"wp-block-image aligncenter size-full is-resized\"><img loading=\"lazy\" decoding=\"async\" width=\"750\" height=\"872\" src=\"https:\/\/printmaker3d.com.br\/wp-content\/uploads\/2025\/08\/Peter_Diamandis.jpg\" alt=\"\" class=\"wp-image-33\" style=\"width:115px;height:auto\" srcset=\"https:\/\/printmaker3d.com.br\/wp-content\/uploads\/2025\/08\/Peter_Diamandis.jpg 750w, https:\/\/printmaker3d.com.br\/wp-content\/uploads\/2025\/08\/Peter_Diamandis-258x300.jpg 258w\" sizes=\"(max-width: 750px) 100vw, 750px\" \/><\/figure>\n\n\n\n<p class=\"has-text-align-center\" style=\"font-size:22px;line-height:1.6\">&#8220;A impress\u00e3o 3D digitalizou todo o processo de fabrica\u00e7\u00e3o.&#8221;<\/p>\n\n\n\n<p class=\"has-text-align-center\"><strong>Peter Diamandis<\/strong><\/p>\n<\/div>\n\n\n\n<div class=\"wp-block-group alignfull is-layout-constrained wp-container-core-group-is-layout-3fee123f wp-block-group-is-layout-constrained\" id=\"whyus\" style=\"padding-top:144px;padding-bottom:144px\">\n<h2 class=\"wp-block-heading\">Porque nos escolher ?<\/h2>\n\n\n\n<div class=\"wp-block-columns is-layout-flex wp-container-core-columns-is-layout-29aadeec wp-block-columns-is-layout-flex\" style=\"margin-top:60px\">\n<div class=\"wp-block-column is-layout-flow wp-container-core-column-is-layout-6b73ce23 wp-block-column-is-layout-flow\">\n<figure class=\"wp-block-image size-large wp-duotone-midnight\"><img decoding=\"async\" src=\"https:\/\/printmaker3d.com.br\/wp-content\/themes\/astra\/inc\/assets\/images\/starter-content\/passionate.svg\" alt=\"\" class=\"wp-image-162\"\/><\/figure>\n\n\n\n<h3 class=\"wp-block-heading\" style=\"margin-top:16px\">Respeito<\/h3>\n\n\n\n<p>Valorizamos cada cliente e suas necessidades. Respeitamos seu tempo, suas ideias e buscamos sempre construir uma rela\u00e7\u00e3o de confian\u00e7a e transpar\u00eancia.<\/p>\n<\/div>\n\n\n\n<div class=\"wp-block-column is-layout-flow wp-container-core-column-is-layout-6b73ce23 wp-block-column-is-layout-flow\">\n<figure class=\"wp-block-image size-large wp-duotone-midnight\"><img decoding=\"async\" src=\"https:\/\/printmaker3d.com.br\/wp-content\/themes\/astra\/inc\/assets\/images\/starter-content\/professional.svg\" alt=\"\" class=\"wp-image-163\"\/><\/figure>\n\n\n\n<h3 class=\"wp-block-heading\" style=\"margin-top:16px\">Profissionalismo<\/h3>\n\n\n\n<p>Trabalhamos com dedica\u00e7\u00e3o e responsabilidade em cada projeto. Nossa equipe \u00e9 comprometida em entregar resultados de alta qualidade, sempre dentro dos prazos combinados.<\/p>\n<\/div>\n\n\n\n<div class=\"wp-block-column is-layout-flow wp-container-core-column-is-layout-6b73ce23 wp-block-column-is-layout-flow\">\n<figure class=\"wp-block-image size-large wp-duotone-midnight\"><img decoding=\"async\" src=\"https:\/\/printmaker3d.com.br\/wp-content\/themes\/astra\/inc\/assets\/images\/starter-content\/support.svg\" alt=\"\" class=\"wp-image-164\"\/><\/figure>\n\n\n\n<h3 class=\"wp-block-heading\" style=\"margin-top:16px\">Suporte<\/h3>\n\n\n\n<p>Estamos ao seu lado em todas as etapas. Oferecemos atendimento \u00e1gil e personalizado para tirar d\u00favidas, orientar e garantir que sua experi\u00eancia seja a melhor poss\u00edvel.<\/p>\n<\/div>\n<\/div>\n<\/div>\n\n\n\n<div class=\"wp-block-group alignfull has-background is-layout-constrained wp-container-core-group-is-layout-cfcca693 wp-block-group-is-layout-constrained\" id=\"contact\" style=\"background:linear-gradient(35deg,rgb(6,0,151) 0%,rgb(130,4,255) 64%,rgb(193,15,255) 98%);padding-top:104px;padding-bottom:104px\">\n<h2 class=\"wp-block-heading has-text-align-center has-text-color\" style=\"color:#ffffff\">Contatos:<\/h2>\n\n\n\n<p class=\"has-text-align-center has-ast-global-color-5-color has-text-color has-link-color wp-elements-f8f9e5d1094b7418cb6551a7c569b1ed\">Telefone: (11) 99379-3312<\/p>\n\n\n\n<p class=\"has-text-align-center has-ast-global-color-5-color has-text-color has-link-color wp-elements-9c6038afe4efcfed9c1d22600a25b4c5\">E-mail: printmakertresd@gmail.com<\/p>\n\n\n\n<p class=\"has-text-align-center has-ast-global-color-5-color has-text-color has-link-color wp-elements-5a97badfa814c81636f899d13f0255c7\">Instagram: @printmakertresd<\/p>\n\n\n\n<div class=\"wp-block-buttons alignwide is-horizontal is-content-justification-center is-layout-flex wp-container-core-buttons-is-layout-bba8380a wp-block-buttons-is-layout-flex\" style=\"margin-top:50px\">\n<div class=\"wp-block-button\"><a class=\"wp-block-button__link wp-element-button\" href=\"https:\/\/wa.me\/5511993793312?text=Ol\u00e1,%20gostaria%20de%20mais%20informa\u00e7\u00f5es%20e%20um%20or\u00e7amento%20sobre%20servi\u00e7os%20de%20impress\u00e3o%203D.\">SOLICITE OR\u00c7AMENTO<\/a><\/div>\n<\/div>\n<\/div>\n\n\n\n<p><\/p>\n","protected":false},"excerpt":{"rendered":"<p>Nossos Servi\u00e7os Impress\u00e3o 3D Industrial Revoluciona a forma como produtos e pe\u00e7as s\u00e3o desenvolvidos. Com tecnologia de alta precis\u00e3o, \u00e9 [&hellip;]<\/p>\n","protected":false},"author":1,"featured_media":0,"parent":0,"menu_order":0,"comment_status":"closed","ping_status":"closed","template":"","meta":{"_uag_custom_page_level_css":"","site-sidebar-layout":"no-sidebar","site-content-layout":"plain-container","ast-site-content-layout":"full-width-container","site-content-style":"default","site-sidebar-style":"default","ast-global-header-display":"","ast-banner-title-visibility":"","ast-main-header-display":"","ast-hfb-above-header-display":"","ast-hfb-below-header-display":"","ast-hfb-mobile-header-display":"","site-post-title":"disabled","ast-breadcrumbs-content":"","ast-featured-img":"","footer-sml-layout":"","ast-disable-related-posts":"","theme-transparent-header-meta":"enabled","adv-header-id-meta":"","stick-header-meta":"","header-above-stick-meta":"","header-main-stick-meta":"","header-below-stick-meta":"","astra-migrate-meta-layouts":"default","ast-page-background-enabled":"default","ast-page-background-meta":{"desktop":{"background-color":"var(--ast-global-color-5)","background-image":"","background-repeat":"repeat","background-position":"center center","background-size":"auto","background-attachment":"scroll","background-type":"","background-media":"","overlay-type":"","overlay-color":"","overlay-opacity":"","overlay-gradient":""},"tablet":{"background-color":"","background-image":"","background-repeat":"repeat","background-position":"center center","background-size":"auto","background-attachment":"scroll","background-type":"","background-media":"","overlay-type":"","overlay-color":"","overlay-opacity":"","overlay-gradient":""},"mobile":{"background-color":"","background-image":"","background-repeat":"repeat","background-position":"center center","background-size":"auto","background-attachment":"scroll","background-type":"","background-media":"","overlay-type":"","overlay-color":"","overlay-opacity":"","overlay-gradient":""}},"ast-content-background-meta":{"desktop":{"background-color":"var(--ast-global-color-4)","background-image":"","background-repeat":"repeat","background-position":"center center","background-size":"auto","background-attachment":"scroll","background-type":"","background-media":"","overlay-type":"","overlay-color":"","overlay-opacity":"","overlay-gradient":""},"tablet":{"background-color":"var(--ast-global-color-4)","background-image":"","background-repeat":"repeat","background-position":"center center","background-size":"auto","background-attachment":"scroll","background-type":"","background-media":"","overlay-type":"","overlay-color":"","overlay-opacity":"","overlay-gradient":""},"mobile":{"background-color":"var(--ast-global-color-4)","background-image":"","background-repeat":"repeat","background-position":"center center","background-size":"auto","background-attachment":"scroll","background-type":"","background-media":"","overlay-type":"","overlay-color":"","overlay-opacity":"","overlay-gradient":""}},"footnotes":""},"class_list":["post-7","page","type-page","status-publish","hentry"],"uagb_featured_image_src":{"full":false,"thumbnail":false,"medium":false,"medium_large":false,"large":false,"1536x1536":false,"2048x2048":false},"uagb_author_info":{"display_name":"zanquetta.gui@gmail.com","author_link":"https:\/\/printmaker3d.com.br\/?author=1"},"uagb_comment_info":0,"uagb_excerpt":"Nossos Servi\u00e7os Impress\u00e3o 3D Industrial Revoluciona a forma como produtos e pe\u00e7as s\u00e3o desenvolvidos. Com tecnologia de alta precis\u00e3o, \u00e9 [&hellip;]","_links":{"self":[{"href":"https:\/\/printmaker3d.com.br\/index.php?rest_route=\/wp\/v2\/pages\/7","targetHints":{"allow":["GET"]}}],"collection":[{"href":"https:\/\/printmaker3d.com.br\/index.php?rest_route=\/wp\/v2\/pages"}],"about":[{"href":"https:\/\/printmaker3d.com.br\/index.php?rest_route=\/wp\/v2\/types\/page"}],"author":[{"embeddable":true,"href":"https:\/\/printmaker3d.com.br\/index.php?rest_route=\/wp\/v2\/users\/1"}],"replies":[{"embeddable":true,"href":"https:\/\/printmaker3d.com.br\/index.php?rest_route=%2Fwp%2Fv2%2Fcomments&post=7"}],"version-history":[{"count":9,"href":"https:\/\/printmaker3d.com.br\/index.php?rest_route=\/wp\/v2\/pages\/7\/revisions"}],"predecessor-version":[{"id":48,"href":"https:\/\/printmaker3d.com.br\/index.php?rest_route=\/wp\/v2\/pages\/7\/revisions\/48"}],"wp:attachment":[{"href":"https:\/\/printmaker3d.com.br\/index.php?rest_route=%2Fwp%2Fv2%2Fmedia&parent=7"}],"curies":[{"name":"wp","href":"https:\/\/api.w.org\/{rel}","templated":true}]}}